{"id":182,"date":"2015-02-17T19:06:28","date_gmt":"2015-02-17T19:06:28","guid":{"rendered":"http:\/\/tornmarck.com\/wordpress\/?page_id=182"},"modified":"2022-10-08T06:30:56","modified_gmt":"2022-10-08T06:30:56","slug":"vilt","status":"publish","type":"page","link":"http:\/\/kiplingeberg.se\/?page_id=182","title":{"rendered":"Kiplingeberg vilt &#038; g\u00e5rdsbutik"},"content":{"rendered":"<p>P\u00e5 Kiplingeberg har vi i alla tider tagit hand om det vilt som f\u00e4lls p\u00e5 markerna under jakts\u00e4songen. I v\u00e5r g\u00e5rdsbutik &#8211; <a href=\"http:\/\/www.vasbylund.se\" target=\"_blank\" rel=\"noopener\">V\u00e4sbylund Byggnadsv\u00e5rd &amp; G\u00e5rdsbutik<\/a> &#8211; har vi m\u00f6jlighet att i liten skala dela med oss av denna fantastiska tillg\u00e5ng till restauranger och privatpersoner i M\u00e4lardalen som v\u00e4rdes\u00e4tter n\u00e4rproducerat och klimatsmart viltk\u00f6tt av h\u00f6gsta kvalitet.<\/p>\n<p>Kl\u00f6vviltet p\u00e5 Kiplingeberg lever av vad naturen ger dem under v\u00e5r, sommar och h\u00f6st och st\u00f6dutfodras endast under vintern med ensilage fr\u00e5n v\u00e5ra egna vallar. Allt viltk\u00f6tt veterin\u00e4rbesiktigas och h\u00e4ngm\u00f6ras f\u00f6re styckning. Vi saluf\u00f6r styckdetaljer, r\u00f6kt viltk\u00f6tt och viltkorv av \u00e4lg, kronhjort, dovhjort, r\u00e5djur, vildsvin och mufflon samt vildf\u00e5gel som gr\u00e4sand, fasan och duva.<\/p>\n<p><span style=\"text-decoration: underline;\">\u00d6ppettider g\u00e5rdsbutiken<\/span>: Se <a href=\"http:\/\/www.vasbylund.se\" target=\"_blank\" rel=\"noopener\">www.vasbylund.se<\/a><\/p>\n<p><span style=\"text-decoration: underline;\">Hitta hit<\/span>: V\u00e4sbylund Byggnadsv\u00e5rd &amp; G\u00e5rdsbutik,\u00a0B\u00e4linge-V\u00e4sby 6, 743 86 B\u00e4linge. G\u00e5rdsbutiken ligger i en gammal skolbyggnad i B\u00e4linge-V\u00e4sby, alldeles granne med g\u00e5rdscentrum. Skyltar finns fr\u00e5n landsv\u00e4gen. <a href=\"https:\/\/www.hitta.se\/kartan!~59.95454,17.47551,16.115127065465177z\/tr!i=zfqanRqM\/search!q=b\u00e4linge-v\u00e4sby%206%2C%20b\u00e4linge!b=59.95308:17.46917,59.95600:17.48185!sg=true!t=combined!ai=1006768994!aic=59.95454:17.47551\" target=\"_blank\" rel=\"noopener\">Klicka h\u00e4r f\u00f6r karta<\/a>.<\/p>\n<p>\u00d6nskar ni best\u00e4lla i f\u00f6rv\u00e4g g\u00f6r ni det enklast\u00a0per epost till\u00a0<a title=\"vilt@kiplingeberg.se\" href=\"mailto:vilt@kiplingeberg.se\" target=\"_blank\" rel=\"noopener\">vilt@kiplingeberg.se<\/a>\u00a0eller per telefon 070-9917178 till viltm\u00e4stare Michael Johansson. Best\u00e4llningar kan ni v\u00e4lja att h\u00e4mta\u00a0i g\u00e5rdsbutiken eller f\u00e5 hemlevererat (leverans sker enligt \u00f6verenskommelse i Uppsala- och Stockholmsregionen).<\/p>\n<p><strong><span style=\"color: #000000;\">Samarbetspartners<\/span><\/strong><\/p>\n<p>Vi har m\u00e5nga fantastiska kunder och samarbetspartners som brinner f\u00f6r lokalproducerade och h\u00f6gkvalitativa r\u00e5varor. Det \u00e4r med stolthet vi samarbetar med bland annat f\u00f6ljande personer och f\u00f6retag:<\/p>\n<p><a href=\"http:\/\/www.luxdagfordag.se\" target=\"_blank\" rel=\"noopener\">Lux Dag f\u00f6r Dag<\/a> &amp; Henrik Norstr\u00f6m, Stockholm<\/p>\n<p><a href=\"http:\/\/www.eklundshof.se\" target=\"_blank\" rel=\"noopener\">Eklundshof<\/a> &amp; familjen Bennbom, Uppsala<\/p>\n<p><a href=\"http:\/\/bryggerietangkvarn.se\" target=\"_blank\" rel=\"noopener\">Bryggeriet \u00c5ngkvarn<\/a>\u00a0&amp; Erik Bennbom,\u00a0Uppsala<\/p>\n<p><a href=\"http:\/\/www.ellesutemat.se\" target=\"_blank\" rel=\"noopener\">Elles Utemat<\/a>, Uppsala<\/p>\n<p><a href=\"https:\/\/www.uppsalasaluhall.se\" target=\"_blank\" rel=\"noopener\">Uppsala Saluhall<\/a> &amp; <a href=\"http:\/\/www.svenssonskrogar.se\" target=\"_blank\" rel=\"noopener\">Svenssons krogar<\/a>, Uppsala<\/p>\n<p><a href=\"http:\/\/cajsas-kok.se\" target=\"_blank\" rel=\"noopener\">Cajsas k\u00f6k<\/a> &amp; Cajsa Johansson, Uppsala<\/p>\n<p>Landsh\u00f6vdingen &amp; Uppsala slott, Uppsala<\/p>\n<p><strong><span style=\"color: #000000;\">N\u00e4rproducerade livsmedel<\/span><\/strong><\/p>\n<p>I g\u00e5rdsbutiken s\u00e4ljer vi \u00e4ven andra sm\u00e5skaligt n\u00e4rproducerade livsmedel, s\u00e5som n\u00f6tk\u00f6tt fr\u00e5n <a href=\"http:\/\/www.signhildsberg.se\" target=\"_blank\" rel=\"noopener\">Signhildsbergs g\u00e5rd<\/a>, rapsolja fr\u00e5n <a href=\"http:\/\/nyborgsgard.se\/om-oss\/om-nyborgs-gard\/\" target=\"_blank\" rel=\"noopener\">Nyborgs g\u00e5rd<\/a> och honung fr\u00e5n <a href=\"http:\/\/arbyrusthall.se\/index.html\" target=\"_blank\" rel=\"noopener\">\u00c5rby Rusth\u00e5ll<\/a>. Sedan 2019 har \u00c5rby Rusth\u00e5ll tre bisamh\u00e4llen p\u00e5 Kiplingeberg och det \u00e4r roligt att veta att honungen kommer fr\u00e5n bin som kan ha flugit runt p\u00e5 v\u00e5ra f\u00e4lt och i v\u00e5ra skogsbryn. Utbudet kan variera efter s\u00e4song.<\/p>\n<p><strong>Signhildsbergs g\u00e5rd<\/strong><\/p>\n<p>Fr\u00e5n Signhildsbergs g\u00e5rd\u00a0(<a href=\"http:\/\/www.signhildsberg.se\" target=\"_blank\" rel=\"noopener\">www.signhildsberg.se<\/a>) f\u00e5r vi fint n\u00e4rproducerat n\u00f6t- och lammk\u00f6tt. G\u00e5rden ligger vid M\u00e4laren i H\u00e5tuna, Upplands-Bro, och drivs av Anna och Peter Holm. Verksamheten p\u00e5 g\u00e5rden best\u00e5r idag av spannm\u00e5lsodling, n\u00f6t- och lammuppf\u00f6dning, skogsbruk och fastighetsf\u00f6rvaltning. Anna och Peters m\u00e5ls\u00e4ttning \u00e4r att f\u00f6rvalta och driva g\u00e5rden p\u00e5 ett h\u00e5llbart s\u00e4tt, b\u00e5de milj\u00f6m\u00e4ssigt och ekonomiskt, s\u00e5 att kommande generationer ska ha m\u00f6jlighet att forts\u00e4tta att leva och verka d\u00e4r. Inte helt olikt oss sj\u00e4lva och v\u00e5r egen vision &#x1f642;<\/p>\n<p>Deras k\u00f6ttproduktion \u00e4r sm\u00e5skalig. De har cirka 30 f\u00e5r och 30 dikor av rasen Aberdeen Angus. F\u00f6r att leva s\u00e5 naturligt som m\u00f6jligt \u00e4ter djuren bara gr\u00e4s. P\u00e5 sommaren g\u00e5r de p\u00e5 naturbeten invid M\u00e4laren, som h\u00e5ller landskapet \u00f6ppet och bidrar till biologisk m\u00e5ngfald. P\u00e5 vintern g\u00e5r de p\u00e5 l\u00f6sdrift i ladug\u00e5rden d\u00e4r de endast \u00e4ter ensilerat gr\u00e4s fr\u00e5n g\u00e5rden.<\/p>\n<p>Vi \u00e4r v\u00e4ldigt glada \u00f6ver samarbetet och att kunna erbjuda detta fina n\u00e4rproducerade n\u00f6t- och lammk\u00f6tt i g\u00e5rdsbutiken.<\/p>\n<p><img decoding=\"async\" loading=\"lazy\" class=\"alignnone wp-image-1192\" src=\"http:\/\/kiplingeberg.se\/wp-content\/uploads\/CC03A0F4-C4EA-4469-83C8-92A253A62EDA-300x255.jpg\" alt=\"\" width=\"379\" height=\"322\" srcset=\"http:\/\/kiplingeberg.se\/wp-content\/uploads\/CC03A0F4-C4EA-4469-83C8-92A253A62EDA-300x255.jpg 300w, http:\/\/kiplingeberg.se\/wp-content\/uploads\/CC03A0F4-C4EA-4469-83C8-92A253A62EDA-768x654.jpg 768w, http:\/\/kiplingeberg.se\/wp-content\/uploads\/CC03A0F4-C4EA-4469-83C8-92A253A62EDA-1200x1021.jpg 1200w, http:\/\/kiplingeberg.se\/wp-content\/uploads\/CC03A0F4-C4EA-4469-83C8-92A253A62EDA.jpg 1410w\" sizes=\"(max-width: 379px) 100vw, 379px\" \/><\/p>\n","protected":false},"excerpt":{"rendered":"<p class=\"excerpt\">P\u00e5 g\u00e5rden har vi i alla tider tagit hand om det vilt som f\u00e4lls p\u00e5 markerna under jakts\u00e4songen. V\u00e4lkommen att kontakta oss om du v\u00e4rdes\u00e4tter n\u00e4rproducerade livsmedel av h\u00f6gsta kvalitet.<\/p>\n<p class=\"more-link-p\"><a class=\"btn btn-default\" href=\"http:\/\/kiplingeberg.se\/?page_id=182\">Read more<\/a><\/p>\n","protected":false},"author":2,"featured_media":498,"parent":12,"menu_order":0,"comment_status":"closed","ping_status":"closed","template":"","meta":[],"_links":{"self":[{"href":"http:\/\/kiplingeberg.se\/index.php?rest_route=\/wp\/v2\/pages\/182"}],"collection":[{"href":"http:\/\/kiplingeberg.se\/index.php?rest_route=\/wp\/v2\/pages"}],"about":[{"href":"http:\/\/kiplingeberg.se\/index.php?rest_route=\/wp\/v2\/types\/page"}],"author":[{"embeddable":true,"href":"http:\/\/kiplingeberg.se\/index.php?rest_route=\/wp\/v2\/users\/2"}],"replies":[{"embeddable":true,"href":"http:\/\/kiplingeberg.se\/index.php?rest_route=%2Fwp%2Fv2%2Fcomments&post=182"}],"version-history":[{"count":87,"href":"http:\/\/kiplingeberg.se\/index.php?rest_route=\/wp\/v2\/pages\/182\/revisions"}],"predecessor-version":[{"id":1457,"href":"http:\/\/kiplingeberg.se\/index.php?rest_route=\/wp\/v2\/pages\/182\/revisions\/1457"}],"up":[{"embeddable":true,"href":"http:\/\/kiplingeberg.se\/index.php?rest_route=\/wp\/v2\/pages\/12"}],"wp:featuredmedia":[{"embeddable":true,"href":"http:\/\/kiplingeberg.se\/index.php?rest_route=\/wp\/v2\/media\/498"}],"wp:attachment":[{"href":"http:\/\/kiplingeberg.se\/index.php?rest_route=%2Fwp%2Fv2%2Fmedia&parent=182"}],"curies":[{"name":"wp","href":"https:\/\/api.w.org\/{rel}","templated":true}]}}